 common factor of 54 and 24?
6
What is the highest common factor of 24 and 5736?
24
Calculate the greatest common divisor of 26 and 182.
26
What is the greatest common divisor of 117 and 9282?
39
Calculate the highest common divisor of 1520 and 720.
80
What is the greatest common factor of 400 and 160?
80
Calculate the greatest common factor of 681 and 3.
3
What is the highest common factor of 3 and 111?
3
What is the highest common divisor of 9 and 288?
9
Calculate the greatest common divisor of 64 and 25072.
16
Calculate the greatest common factor of 2889 and 27.
27
Calculate the highest common factor of 26 and 1222.
26
What is the greatest common divisor of 20 and 7660?
20
What is the highest common divisor of 70 and 65?
5
What is the greatest common factor of 522 and 18?
18
Calculate the greatest common divisor of 9 and 117.
9
What is the greatest common divisor of 3 and 3?
3
Calculate the highest common factor of 288 and 160.
32
Calculate the highest common divisor of 25 and 325.
25
Calculate the highest common factor of 56 and 994.
14
What is the highest common divisor of 21 and 679?
7
What is the highest common divisor of 72 and 2238?
6
Calculate the greatest common divisor of 7429 and 23.
23
Calculate the highest common factor of 18 and 342.
18
What is the highest common divisor of 122 and 58?
2
What is the highest common factor of 4379 and 203?
29
Calculate the highest common divisor of 1599 and 39.
39
Calculate the greatest common divisor of 28 and 126.
14
Calculate the greatest common divisor of 96 and 1164.
12
What is the highest common divisor of 1650 and 44?
22
What is the greatest common factor of 108 and 12?
12
Calculate the highest common factor of 21 and 33.
3
Calculate the highest common divisor of 228 and 36.
12
What is the greatest common factor of 2945 and 950?
95
What is the greatest common factor of 27 and 864?
27
What is the greatest common factor of 896 and 84?
28
What is the greatest common factor of 867 and 3?
3
Calculate the greatest common factor of 506 and 368.
46
Calculate the highest common factor of 6678 and 378.
126
What is the highest common divisor of 4346 and 410?
82
Calculate the highest common divisor of 124 and 4.
4
Calculate the greatest common factor of 1 and 121.
1
Calculate the highest common factor of 2984 and 16.
8
What is the greatest common factor of 1331 and 275?
11
What is the highest common divisor of 176 and 121?
11
Calculate the highest common divisor of 133 and 3325.
133
Calculate the highest common factor of 46 and 39422.
46
What is the greatest common divisor of 9 and 1377?
9
Calculate the highest common factor of 2424 and 24.
24
Calculate the greatest common factor of 104 and 481.
13
What is the highest common divisor of 1407 and 21?
21
Calculate the greatest common divisor of 208 and 91.
13
What is the greatest common divisor of 1175 and 2491?
47
Calculate the highest common factor of 96 and 160.
32
Calculate the highest common divisor of 160 and 3340.
20
Calculate the greatest common divisor of 45 and 21555.
45
Calculate the highest common factor of 40 and 152.
8
Calculate the greatest common divisor of 78 and 1482.
78
What is the greatest common divisor of 5729 and 51?
17
What is the highest common factor of 15 and 2445?
15
What is the greatest common factor of 105 and 775?
5
Calculate the greatest common divisor of 22 and 1023.
11
What is the highest common divisor of 12 and 1252?
4
Calculate the greatest common divisor of 26 and 1027.
13
What is the greatest common divisor of 16 and 648?
8
What is the greatest common divisor of 504 and 4248?
72
What is the greatest common divisor of 70 and 1491?
7
Calculate the greatest common divisor of 705 and 6909.
141
Calculate the greatest common divisor of 647 and 2.
1
Calculate the greatest common divisor of 24 and 684.
12
What is the highest common divisor of 896 and 384?
128
What is the highest common divisor of 85 and 270?
5
Calculate the highest common factor of 64 and 82.
2
Calculate the greatest common factor of 11374 and 44.
22
Calculate the highest common factor of 69 and 15.
3
What is the highest common divisor of 2120 and 80?
40
Calculate the highest common factor of 31 and 93.
31
What is the greatest common factor of 69496 and 14?
14
What is the highest common factor of 39 and 19292?
13
What is the highest common factor of 216 and 132?
12
What is the greatest common divisor of 10 and 2290?
10
Calculate the highest common factor of 6 and 364.
2
Calculate the greatest common factor of 5696 and 1246.
178
Calculate the greatest common factor of 66 and 6666.
66
What is the highest common factor of 192 and 1632?
96
Calculate the highest common divisor of 333 and 27.
9
Calculate the greatest common divisor of 2832 and 48.
48
Calculate the greatest common factor of 1970 and 10.
10
Calculate the highest common factor of 296 and 1813.
37
Calculate the highest common factor of 2322 and 54.
54
What is the greatest common divisor of 14 and 378?
14
What is the highest common divisor of 129 and 9030?
129
What is the highest common factor of 10848 and 6?
6
Calculate the highest common divisor of 2 and 90.
2
What is the highest common divisor of 287 and 82?
41
What is the highest common divisor of 45009 and 27?
27
Calculate the greatest common divisor of 138 and 345.
69
Calculate the highest common factor of 16 and 1136.
16
What is the greatest common divisor of 56 and 10066?
14
What is the greatest common divisor of 2618 and 14?
14
Calculate the greatest common factor of 30 and 2670.
30
Calculate the highest common factor of 2756 and 636.
212
What is the highest common divisor of 2 and 202?
2
What is the highest common divisor of 9 and 243?
9
Calculate the greatest common factor of 738 and 574.
82
What is the greatest common factor of 944 and 118?
118
Calculate the highest common factor of 442 and 39.
13
What is the greatest common factor of 4009 and 95?
19
Calculate the highest common divisor of 15 and 145.
5
What is the greatest common factor of 5056 and 158?
158
What is the highest common divisor of 7 and 2569?
7
What is the greatest common factor of 644 and 28?
28
What is the greatest common factor of 41 and 164?
41
What is the highest common divisor of 6 and 474?
6
What is the greatest common divisor of 171 and 817?
19
Calculate the greatest common divisor of 287 and 451.
41
What is the greatest common divisor of 106720 and 80?
80
What is the highest common factor of 348 and 4?
4
Calculate the greatest common divisor of 105 and 9345.
105
What is the greatest common factor of 18 and 747?
9
Calculate the highest common factor of 2268 and 140.
28
Calculate the highest common factor of 75 and 175.
25
Calculate the highest common divisor of 2166 and 4.
2
What is the greatest common divisor of 259 and 7?
7
What is the highest common divisor of 168 and 2436?
84
Calculate the greatest common divisor of 40 and 620.
20
Calculate the greatest common factor of 928 and 29.
29
Calculate the highest common factor of 1390 and 5.
5
What is the highest common divisor of 18432 and 3?
3
Calculate the highest common divisor of 1863 and 138.
69
Calculate the greatest common divisor of 713 and 23.
23
Calculate the greatest common factor of 10 and 5090.
10
What is the greatest common factor of 88 and 308?
44
What is the highest common divisor of 4983 and 33?
33
What is the greatest common factor of 861 and 105?
21
What is the highest common divisor of 36 and 20?
4
Calculate the greatest common factor of 42636 and 38.
38
Calculate the greatest common divisor of 4690 and 40.
10
Calculate the highest common divisor of 713 and 69.
23
Calculate the highest common factor of 84 and 12684.
84
Calculate the highest common divisor of 930 and 31.
31
What is the greatest common factor of 6 and 2?
2
Calculate the greatest common factor of 35 and 5915.
35
Calculate the greatest common factor of 3776 and 320.
64
What is the greatest common factor of 72 and 168?
24
What is the highest common factor of 12 and 204?
12
What is the greatest common factor of 286 and 715?
143
What is the greatest common divisor of 27213 and 282?
141
What is the greatest common divisor of 44 and 64?
4
What is the greatest common factor of 33 and 32736?
33
Calculate the greatest common divisor of 486